= -77922*n + 1402578. Determine k(18).
-18
Let b(z) = 4*z**2 - 179*z + 458. Calculate b(39).
-439
Let z(c) = -209*c + 72310. What is z(345)?
205
Let x(l) = -6217*l - 43302. Calculate x(-7).
217
Let v(q) = 3*q**3 + 42*q**2 - 181*q + 3. Determine v(4).
143
Let m(b) = -61*b**2 + 1717*b - 14. Determine m(28).
238
Let n(f) = f**2 - 130*f + 4097. Calculate n(54).
-7
Let n(z) = 2*z**2 - 8063*z + 80372. Determine n(10).
-58
Let d(n) = -n**3 + 2*n**2 + 382*n - 2246. Calculate d(0).
-2246
Let a(y) = -2012*y**2 - 1437*y + 1435. Determine a(1).
-2014
Let f(d) = -175*d + 1725. Calculate f(4).
1025
Let i(s) = -113*s**2 - 4520*s + 34. Determine i(-40).
34
Let a(t) = 20*t**2 + 1816*t - 366. Give a(-91).
-2
Let q(m) = -m**2 - 38*m + 3485. Calculate q(43).
2
Let c(k) = -3468*k - 277447. Calculate c(-80).
-7
Let v(b) = 12*b**2 - 55*b - 35. Give v(5).
-10
Let a(h) = 514132*h - 1542402. Calculate a(3).
-6
Let s(y) = -2099*y + 384118. Calculate s(183).
1
Let v(n) = -90*n**2 + 43565*n + 43566. Calculate v(-1).
-89
Let u(k) = 1433*k - 8245. Determine u(6).
353
Let c(z) = 626283*z - 5010264. Calculate c(8).
0
Let g(b) = b**3 + 365*b**2 - 7248*b + 6380. What is g(18)?
8
Let l(q) = -1036*q + 574942. What is l(555)?
-38
Let g(a) = 198*a + 82333. Calculate g(-416).
-35
Let k(q) = 9040*q - 253123. Determine k(28).
-3
Let i(a) = 15199*a**2 + 258396*a + 216. Calculate i(-17).
-5
Let a(f) = 18*f**2 - 1466*f + 640. Give a(81).
-8
Let q(c) = 2502*c - 612965. What is q(245)?
25
Let y(m) = -3*m**3 - 73*m**2 - 166*m - 7701. What is y(-26)?
-5
Let f(b) = -b**3 + 30*b**2 + 176*b - 839. Determine f(35).
-804
Let q(h) = -72*h**2 + 1951*h + 226. Calculate q(28).
-1594
Let j(n) = -n**3 - 72*n**2 + 1419*n + 967. What is j(-88)?
-1
Let k(o) = o**3 - 285*o**2 + 1756*o - 22895. Give k(279).
-17
Let t(h) = -h**3 + 60*h**2 + 1693*h + 718. Determine t(81).
70
Let o(n) = -n**2 + 56317*n - 1857374. What is o(33)?
-2
Let j(d) = d**3 - 5*d**2 + 2597*d - 18224. Give j(7).
53
Let v(k) = -51572*k - 309456. Determine v(-6).
-24
Let c(o) = 42*o**3 + 8*o**2 + 22*o + 9. Determine c(-3).
-1119
Let i(w) = 53454*w + 694898. What is i(-13)?
-4
Let s(n) = 2*n**2 + 554*n + 8753. What is s(-257)?
-1527
Let o(j) = -j**3 + 114660*j**2 + 573327*j + 11. Calculate o(-5).
1
Let c(u) = 151*u**3 + 6*u**2 - 17*u + 20. Calculate c(2).
1218
Let g(r) = r**2 - 16808*r + 754405. What is g(45)?
70
Let l(o) = -5*o**2 - 489*o - 633. Calculate l(-95).
697
Let h(u) = 22*u**2 + 29*u - 279. Give h(3).
6
Let n(s) = 1062*s - 20322. Determine n(19).
-144
Let c(z) = -1193*z**2 - 16722*z - 274. Calculate c(-14).
6
Let b(i) = 3*i**3 - 22*i**2 + 126*i - 794. Calculate b(7).
39
Let z(v) = 11*v - 655. Determine z(8).
-567
Let q(y) = -543*y + 7887. What is q(15)?
-258
Let w(s) = -145*s + 14519. Calculate w(97).
454
Let a(j) = -47005*j + 46996. Calculate a(1).
-9
Let y(r) = -846*r - 329078. Calculate y(-389).
16
Let r(t) = -t**3 + 5*t**2 + 5057*t - 117268. Determine r(26).
18
Let j(z) = -144*z - 2344. Give j(-20).
536
Let w(b) = -3*b**3 + 50*b**2 + 164*b - 2759. Determine w(17).
-260
Let b(g) = -1181*g - 223299. Give b(-189).
-90
Let k(z) = 3*z**3 - 405*z**2 + 32*z - 4173. Give k(135).
147
Let f(i) = i**3 - 123*i**2 + 385*i + 2986. Determine f(7).
-3
Let a(z) = z**3 - 182*z**2 - 4528*z + 8163. Determine a(204).
3
Let x(g) = -6*g**2 + 1154*g + 940. Give x(193).
168
Let d(j) = -5*j**3 - 98*j**2 + 557*j + 10334. Calculate d(-20).
-6
Let q(t) = 3*t**3 + 39*t**2 - t - 71. Give q(-15).
-1406
Let v(z) = 300*z**2 - 3293*z - 22. What is v(11)?
55
Let u(o) = -216231*o - 1297385. Determine u(-6).
1
Let v(d) = 7*d**2 + 172046*d + 516135. Determine v(-3).
60
Let u(c) = -3153*c - 797695. Give u(-253).
14
Let x(c) = 19909*c - 2309427. Give x(116).
17
Let z(d) = -1316*d - 1405. Determine z(-2).
1227
Let a(z) = z**2 + 6990*z + 5859584. Calculate a(-974).
0
Let k(t) = t**3 - 75*t**2 + 23*t - 1744. What is k(75)?
-19
Let f(d) = -58*d**2 + 1395*d - 8122. Give f(10).
28
Let x(z) = -z**2 + 223*z - 12326. Give x(109).
100
Let j(t) = -2*t**3 + 55*t**2 + 2894*t - 1775. Determine j(54).
-47
Let r(l) = -4517*l + 74676. Calculate r(15).
6921
Let q(y) = y**2 + 91*y + 578. Determine q(-6).
68
Let c(o) = o**3 + 236*o**2 + 149*o - 20248. What is c(-235)?
-38
Let z(f) = -307*f - 24271. Give z(-79).
-18
Let r(d) = 362*d + 46896. Determine r(-117).
4542
Let x(a) = -2469*a - 19558. Determine x(-8).
194
Let y(k) = 100*k**2 + 238*k - 186. Calculate y(-3).
0
Let s(j) = -j**2 - 209*j + 11854. Calculate s(47).
-178
Let a(h) = 75*h**2 + 1569*h - 59. What is a(-20)?
-1439
Let x(s) = -s**2 - 198721*s - 62. Give x(0).
-62
Let m(r) = -2*r**3 - 45*r**2 + 228*r - 376. Give m(-27).
29
Let a(p) = -15*p**2 - 82*p - 603. Give a(-6).
-651
Let k(p) = 9*p**2 - 213*p - 17955. Calculate k(58).
-33
Let c(s) = -s**2 + 163*s + 3249. Give c(-18).
-9
Let o(y) = -545185*y + 5997036. Calculate o(11).
1
Let l(m) = -m**3 + 63*m**2 + 100*m - 3735. Calculate l(-8).
9
Let l(f) = 251*f - 26561. Determine l(111).
1300
Let w(p) = -2058*p - 12410. Determine w(-6).
-62
Let r(n) = -2431*n + 16391. What is r(7)?
-626
Let h(d) = d**2 + 985*d - 42078. Determine h(41).
-12
Let s(y) = 3*y**3 - 1399*y**2 + 340*y + 58990. What is s(466)?
274
Let r(u) = -3029*u - 248382. Give r(-82).
-4
Let m(p) = -p**3 + 161*p**2 - 3529*p + 8159. Calculate m(23).
-6
Let q(g) = -76*g**2 - 71*g + 55. Give q(2).
-391
Let z(k) = 430204*k + 1720765. Determine z(-4).
-51
Let g(t) = -77950*t + 857453. Determine g(11).
3
Let j(k) = 294*k - 2037. What is j(2)?
-1449
Let b(k) = k**2 + 809*k - 8115. Determine b(10).
75
Let m(n) = n**3 + 7098*n**2 - 28405*n - 6. What is m(4)?
6
Let o(l) = l**2 - 193*l + 1523. Determine o(185).
43
Let p(z) = -67*z**2 - 2077*z - 75. Calculate p(-30).
1935
Let f(i) = -i**3 - 468*i**2 - 3820*i + 142726. What is f(-459)?
-23
Let i(w) = 6*w**2 - 1684*w + 24966. Calculate i(15).
1056
Let w(g) = g**2 - 215358*g - 5599989. Give w(-26).
-5
Let r(h) = 27*h**2 + 140*h - 94. Determine r(-6).
38
Let z(r) = -18*r**3 - 77*r**2 + 31*r - 19. Give z(-7).
2165
Let m(p) = p**2 - 603*p - 47651. Determine m(-71).
203
Let n(d) = d**3 + 75*d**2 - 3134*d - 492. Give n(30).
-12
Let q(l) = -2*l**3 + 7*l**2 + 68*l - 379. Determine q(4).
-123
Let g(v) = 1547*v**3 + 114489*v**2 + 810*v - 293. Determine g(-74).
3
Let g(a) = -24240*a - 387695. What is g(-16)?
145
Let u(f) = -f**3 - 365*f**2 - 26*f - 9494. Give u(-365).
-4
Let p(c) = 20840*c + 666895. Calculate p(-32).
15
Let s(r) = -r**2 - 731*r + 17963. Determine s(24).
-157
Let c(v) = -v**3 - 103*v**2 - 2342*v - 2229. Calculate c(-70).
11
Let f(s) = -112*s + 7971. Give f(91).
-2221
Let i(k) = -3*k**3 + 170*k**2 + 21*k + 2040. Calculate i(57).
-12
Let b(a) = -2*a**3 + 20*a**2 - 351*a + 3003. What is b(9)?
6
Let d(x) = -39223*x - 117654. Calculate d(-3).
15
Let j(t) = -5172*t + 6183. What is j(2)?
-4161
Let c(q) = -327*q - 5703. Determine c(-17).
-144
Let t(j) = -1037*j + 218802. Give t(211).
-5
Let x(d) = -d**3 - 184*d**2 + 569*d + 1831. Give x(-187).
335
Let d(j) = -240*j - 23234. Give d(-97).
46
Let m(p) = -2*p**3 - 87*p**2 + 1302*p + 60001. Determine m(-42).
25
Let a(i) = -i**2 + 827*i + 1528120. Determine a(-890).
-10
Let f(b) = b**3 - 97*b**2 + 767*b + 2216. Calculate f(88).
16
Let i(u) = -u**2 + 264*u - 16745. Give i(157).
54
Let b(v) = -4*v**3 - 41*v**2 + 63*v - 271. Give b(-12).
-19
Let c(z) = -17060*z - 85801. What is c(-5)?
-501
Let i(f) = -3*f**3 + 163*f**2 - 1096*f - 1. Calculate i(8).
127
Let u(y) = -2*y**3 - 28*y**2 - 6*y + 138. Give u(8).
-2726
Let h(v) = 886224*v - 5317343. What is h(6)?
1
Let b(p) = -p**3 + 11*p**2 - 149*p + 2164. What is b(12)?
232
Let g(b) = 12830*b + 51334. What is g(-4)?
14
Let t(w) = 441*w**2 + 128777*w + 1455. Determine t(-292).
-5
Let i(w) = -w**3 + 32*w**2 + 4738*w - 155277. Give i(33).
-12
Let q(b) = 2*b**2 + 376*b + 3144. Calculate q(-8).
264
Let h(d) = -4*d**2 - 221*d - 2515. Give h(-39).
20
Let u(n) = 2*n**3 + 38*n**2 - 718*n + 859. Calculate u(-31).
53
Let o(a) = 80*a + 866. What is o(-3)?
626
Let k(d) = -15623*d + 1484219. Give k(95).
34
Let s(o) = -132*o - 5204. What is s(-39)?
-56
Let k(c) = -45039*c - 45338. What is k(-1)?
-299
Let t(f) = 2*f**2 - 120*f + 873. What is t(0)?
873
Let q(m) = 11400*m + 11409. Give q(-1).
9
Let p(c) = -c**3 + 18*c**